-f*a + 45 = -3*a. Calculate the remainder when 85 is divided by a.
4
Suppose -n = 5*z - 35, 5*z - 75 = 3*n - 8*n. Let u(a) = a**3 - a**2 + 6*a + 19. What is the remainder when u(0) is divided by (3/6 - 0)*n?
4
Suppose 3*v - 567 = -3*m, -v - 3*m = 22 - 205. Let z = 271 - v. Let s = z + -63. Calculate the remainder when s is divided by 12.
4
Let a be -3 + (-12)/(-8) + 3/(-6). What is the remainder when 8 is divided by (0 + (-1)/a)*12?
2
Suppose -5*s + 4*x + 90 = 0, -4*s + 29*x + 36 = 33*x. Calculate the remainder when (-11)/(-33) - 71/(-3) is divided by s.
10
What is the remainder when 231 is divided by 119*1/2*(-1674)/(-1953)?
27
Let v be 10336/112 + ((-4)/7)/2. Suppose v = y - 24. Calculate the remainder when y is divided by 34.
14
Calculate the remainder when ((-72)/(-2208)*23)/(3/436 - 0) is divided by 40.
29
Let g = 318 - 316. Suppose 47*u = g*u + 4680. Calculate the remainder when u is divided by 7.
6
Suppose -8*m + 1193 = -1983. What is the remainder when m is divided by 100?
97
Let n = -429 - -431. Suppose -w + 194 = 12*v - 9*v, -n*v = 2*w - 392. What is the remainder when w is divided by 17?
10
Suppose q + 1 = 0, 0 = 2*n - 4*q + 5*q - 141. What is the remainder when n is divided by (-51)/(-45) - 1 - 1106/(-30)?
34
Suppose -86*h + 71*h + 30 = 0. Suppose i - 20 = 3*d, 6 = 3*i - h*d - 33. Calculate the remainder when 174 is divided by i.
9
Suppose f - 2*f + 143 = -5*x, -4*f + 96 = -3*x. Suppose -11*u + 667 + 334 = 0. What is the remainder when u is divided by (-21)/(-7) + (2 - (x + 2))?
29
Suppose -42*z + 7378 = -10220. What is the remainder when z is divided by 140?
139
Suppose -3*p + 576 - 241 = 5*i, 9*p = 5*i - 335. Calculate the remainder when 624 is divided by i.
21
Let m(l) = -l**3 + 40*l**2 + 119*l - 2391. Calculate the remainder when m(34) is divided by 48.
47
Calculate the remainder when 339 is divided by -6 - -14 - (-4 + (-110 - -8)).
111
Let k(d) = -594*d - 2718. What is the remainder when 22173 is divided by k(-5)?
249
Let x = -190 + 193. Suppose c + 14 = 4*m, 5*c + 3*m - 16 = x*c. Calculate the remainder when 7 is divided by c.
1
Let w(r) = -11*r + 2. Let h = -75 - -4951. Suppose 14*p + 39*p = h. Calculate the remainder when p is divided by w(-2).
20
Suppose 4*g = 3*w - 2224, -3*w - 91*g + 2216 = -87*g. Calculate the remainder when w is divided by 726.
14
Suppose 20 = -13*a + 20. Suppose 7*h - 12*h + 66 = p, a = -4*p - 3*h + 179. Calculate the remainder when p is divided by 26.
15
Suppose -d + 3*j + 373 = 89, j = 3*d - 820. Suppose -11*i = -3*i - d. What is the remainder when i is divided by 6?
4
Let i = 160 + -125. What is the remainder when ((-6)/9)/((-3784)/(-948) - 4) is divided by i?
9
Let l(f) = -f**2 - 28*f - 51. Let o be l(-23). Suppose 5*v - 5*y = 40, -v - 3*y = 4*v - o. Calculate the remainder when 118 is divided by v.
8
Let k = -116969 - -117007. Suppose -5*v = -4*v - 346. Let f = v - 82. Calculate the remainder when f is divided by k.
36
Suppose -b = 2*t - 192, -3*t + 524 = 3*b + 236. What is the remainder when t is divided by 48?
0
Let z(j) = 14*j - 1572 + 10*j + 1535 - j**2. What is the remainder when z(13) is divided by 36?
34
Let b(h) = 5*h**2 + h. What is the remainder when (-27)/(-5) + -6 + (-166)/(-10) is divided by b(1)?
4
Suppose 3*i = i + 112. Let t(y) = 2*y**2 - y. Suppose 5*q + 3*q - 24 = 0. What is the remainder when i is divided by t(q)?
11
Suppose -40 = -122*f + 112*f. Suppose 3*u - 3*c = 330, 4*c = -4 - f. Calculate the remainder when u is divided by 11.
9
Let o be (-226)/6 + (-72)/(-108). Calculate the remainder when (o/111)/(-2 + 2386/1194) is divided by 25.
24
Let g = 53 - 26. What is the remainder when g is divided by ((-1)/(6 - 4))/(53/(-1802))?
10
Suppose 0 = -2*q + x - 2*x + 15, -3*q = -3*x - 9. Suppose -j - q*j = 0. Let p = j + 18. Calculate the remainder when 107 is divided by p.
17
Let h = 23082 + -23063. What is the remainder when 6003 is divided by h?
18
Let s(u) = -u**2 - 13*u + 8. Let w(f) = f**2 + 13*f - 44. Let c be w(3). Suppose -c*a = -648 + 72. Calculate the remainder when a is divided by s(-6).
44
Suppose -11*d = 326 - 788. Calculate the remainder when (502/3)/(7/147*14) is divided by d.
41
Suppose -2*r = 2, -85 = -257*i + 255*i + 3*r. Calculate the remainder when i is divided by 21.
20
Let t(d) = -25*d - 1067. What is the remainder when 48 is divided by t(-44)?
15
Let l = 238 + -63. Let t(g) = -g**3 - 6*g**2 + 10*g - 4. Let r = -66 + 58. What is the remainder when l is divided by t(r)?
43
Suppose 4*f - 956 = -5*j, 0 = 2*j - 3*j - 5*f + 187. Let k = 109 + -94. What is the remainder when (-6)/k + j/5 is divided by 13?
12
Suppose -4 = 4*s, -5*p - 9 = -2*s - 26. Suppose -3*g - 6 = -3*b + 75, -p*g - 54 = -2*b. Calculate the remainder when 322 is divided by b.
25
Suppose 55074*q = 55075*q - 622. Calculate the remainder when q is divided by 206.
4
Suppose 3*a - 2*c = -4*c + 164, -3*a + 140 = -4*c. Let s = 1302 + -1118. Calculate the remainder when s is divided by a.
28
Let k = -159 + 287. Let n = -353 + 358. What is the remainder when k is divided by n?
3
Let i be ((-6)/2 - -41) + 2 + 2. Let j = i + -42. Suppose j*t - t = -5. What is the remainder when 23 is divided by t?
3
Calculate the remainder when 51 + -60 - (-1600)/2 is divided by 72.
71
Let a(r) = -r**3 + 25*r**2 + 31*r + 64. Let o = 467 + -433. Calculate the remainder when a(26) is divided by o.
24
Let k(j) = -j**3 + 10*j**2 - 11*j - 4. Let u be k(8). Suppose -u*g + 308 = -2500. What is the remainder when g is divided by 21?
15
Suppose -3973 - 192 = -5*f. Calculate the remainder when f is divided by 70.
63
Let r(s) = s**3 - 9*s**2 + 20*s - 13. Let i be r(6). What is the remainder when 301*(-1)/((0 + i)/1) is divided by 76?
73
Let q = 11763 + -11735. Calculate the remainder when 3396 is divided by q.
8
Let i(s) = -241*s**2 - 4*s + 4. Let a be i(1). Let j = a + 251. Calculate the remainder when 35 is divided by j.
5
Let w(r) be the third derivative of 11*r**4/8 - 16*r**3 - 210*r**2. Calculate the remainder when 81 is divided by w(3).
0
Let q = -2250 + 2267. Let x = -42 - -90. Suppose -l = -0*l - x. Calculate the remainder when l is divided by q.
14
Let r(k) = -56*k - 93. Calculate the remainder when 80 is divided by r(-2).
4
Suppose 1084 = -4*g - 4*r, -2*g - g = -3*r + 807. What is the remainder when 3602/20 + 1 - (-27)/g is divided by 51?
28
Let c = 133 + -239. Let u = 142 + c. Let q = 136 + u. What is the remainder when q is divided by 35?
32
Suppose 4*y + 2*n = -y + 70, -n - 55 = -5*y. Calculate the remainder when 3400/(-1360)*(-44)/5 is divided by y.
10
Let i be 0*-1*(-4)/4. Suppose -5*o = -25 - i. Calculate the remainder when 22 is divided by o.
2
Let l(v) = v**2 - 19*v - 84. Calculate the remainder when l(-6) is divided by (-880)/(-33) + -9 + 4/(-6).
15
Let z(y) = -y**2 - 48*y + 160. What is the remainder when z(-48) is divided by 26?
4
Suppose s - 3*c = 3*s - 494, 0 = s - 5*c - 234. What is the remainder when s is divided by 83?
78
Suppose -477*l + 487*l + 40 = 0. Calculate the remainder when 334 is divided by (8 - 4) + -9 + (l - -30).
19
Suppose 3*y - 3*r = -345, -4*y + 3*r = -0*y + 457. Calculate the remainder when (0 + 9)*(y/12)/(-14) is divided by 4.
2
Let k(u) = 16*u - 6. Suppose 45*t - 1394 = -494. What is the remainder when k(4) is divided by t?
18
Let f = 196 + -236. Let g = f - -59. What is the remainder when 31 is divided by g?
12
Let m = -120 - -258. Let l = 113 + -108. Let w(y) = -y**3 + 4*y**2 + 8*y + 5. What is the remainder when m is divided by w(l)?
18
Suppose n = 3*x - 803, -x + 3*n = -3*x + 561. What is the remainder when x is divided by 39?
36
Suppose 0 = 5*r + 3*g + 358, 0 = 3*r + 2*r + 4*g + 354. Let x = 104 + r. Calculate the remainder when x is divided by (1 - 3)/(-2)*11.
8
Let o = 14336 + -14230. Calculate the remainder when o is divided by 98.
8
Let b(o) be the first derivative of 2*o**3/3 - 15*o + 80. Calculate the remainder when 219 is divided by b(-6).
48
What is the remainder when 1640 is divided by 2 - 1/(11 - (-1640)/(-149))?
130
Let c(o) = 18*o**3 - o**2 + o - 1. What is the remainder when (-10)/(-2) + (57 - 30/(-6)) is divided by c(1)?
16
Let s(o) = -2*o**3 - 5*o**2 - 3*o - 3. What is the remainder when 23 - 1 - (-2 + -5) is divided by s(-3)?
14
Suppose i - 129 + 40 = 0. Let u = 2293 +